754*c - 15670154. Give d(154).
-38
Let u(v) = -517*v**2 + 4657*v - 120. Determine u(9).
-84
Let m(c) = -c**2 + 1080*c + 374114. Determine m(-276).
-142
Let i(y) = -36041*y - 1261385. What is i(-35)?
50
Let k(q) = q**3 - 52*q**2 + 616*q - 361. Determine k(17).
-4
Let w(q) = -3*q**3 - 200*q**2 + 561*q - 9765. Calculate w(-70).
-35
Let j(a) = -2*a**2 - 597*a - 11141. Determine j(-20).
-1
Let a(u) = -337844*u + 31757331. What is a(94)?
-5
Let w(d) = 25*d**3 + 2739*d**2 - 1160*d + 5463. Calculate w(-110).
-37
Let v(q) = -q**3 - 286*q**2 - 2217*q + 1961. Determine v(-278).
15
Let m(j) = -48262*j - 434382. Give m(-9).
-24
Let d(y) = 3*y**3 - 55*y**2 - 328*y - 17. What is d(21)?
-3377
Let q(n) = 6934*n + 901652. What is q(-130)?
232
Let b(o) = 28*o**2 - 497*o - 137. Determine b(18).
-11
Let v(i) = -8600*i - 240813. Determine v(-28).
-13
Let d(h) = -71*h**2 + 1498*h + 121. Give d(21).
268
Let x(t) = -53*t**2 + 1029*t - 4653. What is x(13)?
-233
Let h(k) = -2*k**3 + 26*k**2 - 11*k + 540. Determine h(14).
-6
Let i(n) = -4105*n + 171465. Give i(42).
-945
Let q(j) = j**2 + 1172*j - 28707. Calculate q(24).
-3
Let h(j) = -1450*j - 7165. Determine h(-5).
85
Let f(k) = 224430*k - 34113368. What is f(152)?
-8
Let c(j) = j**2 - 132*j + 4231. Determine c(81).
100
Let w(y) = -12288*y + 110889. Determine w(9).
297
Let w(b) = -496*b - 1083. Calculate w(-2).
-91
Let r(o) = 1472*o - 357696. Give r(243).
0
Let w(t) = -89*t - 8158. Determine w(-95).
297
Let g(t) = -t**3 + 28*t**2 - 152*t - 149. Determine g(22).
-589
Let x(v) = 485310*v + 2426556. Give x(-5).
6
Let r(t) = 14341*t - 8174355. Give r(570).
15
Let u(c) = c**3 + 7223*c**2 + 50509*c - 16. What is u(-7)?
5
Let w(q) = -q**3 - 24*q**2 - 360*q - 6147. Calculate w(-21).
90
Let j(y) = -4*y**3 + 404*y**2 + 288. Determine j(101).
288
Let c(d) = -139*d**3 + 6*d**2 + 7*d - 6. What is c(-2)?
1116
Let s(p) = -3*p + 32. What is s(79)?
-205
Let z(u) = 82*u**3 + 70*u**2 - 15. Determine z(0).
-15
Let a(v) = -61382*v - 3498747. Calculate a(-57).
27
Let c(u) = u**3 - 63*u**2 - 3306*u - 244. Determine c(-34).
28
Let t(d) = 2*d**3 - 983*d**2 - 3497*d + 15836. Give t(495).
-4
Let k(t) = t**3 + 68*t**2 + 11333*t + 723961. Calculate k(-65).
-9
Let a(r) = -r**2 - 144*r - 4147. Calculate a(-50).
553
Let s(y) = -22*y**2 + 1085*y - 347. Determine s(49).
-4
Let p(r) = -492*r - 19887. What is p(-40)?
-207
Let m(c) = 2*c**3 + 110*c**2 - 2465*c - 1197. What is m(-72)?
27
Let i(k) = -22*k**2 - 486*k - 28. Calculate i(-23).
-488
Let n(d) = 355*d + 21618. What is n(-57)?
1383
Let n(m) = -63*m**2 - 7870*m + 24817. Give n(-128).
-15
Let w(j) = 6264*j**2 - 895751*j - 139. Give w(143).
4
Let s(o) = 753*o**3 - 3*o**2 + 176*o - 174. Calculate s(1).
752
Let k(d) = -d**3 + 26*d**2 + 255*d - 5607. Determine k(28).
-35
Let d(m) = -m**3 + 62*m**2 + 474*m - 5173. What is d(68)?
-685
Let l(j) = j**3 - 20*j**2 + 106*j - 41. Calculate l(9).
22
Let z(l) = l**2 - 1528*l + 455515. Give z(406).
-17
Let f(a) = 2624*a - 128524. Give f(49).
52
Let h(s) = 423*s - 2196. Determine h(6).
342
Let d(o) = -2*o**2 - 46*o - 1980. Give d(-36).
-2916
Let p(a) = -2051*a + 5762. Give p(3).
-391
Let z(d) = 14924*d + 21072682. Calculate z(-1412).
-6
Let b(p) = 5*p**2 - 111909*p + 50. Determine b(0).
50
Let l(c) = -13*c**3 + 46*c**2 + 12*c + 11. Give l(5).
-404
Let u(z) = -2074*z + 10237. Calculate u(5).
-133
Let q(k) = 7*k**3 - 18*k**2 - 226*k - 514. Determine q(-3).
-187
Let i(g) = 43*g**2 + 299*g + 22. Calculate i(-7).
36
Let m(b) = -b**3 - b**2 - 38*b + 778. What is m(9)?
-374
Let u(h) = -24*h**2 - 3006*h + 35087. What is u(-136)?
-1
Let c(o) = o**2 + 2469*o + 1375368. What is c(-849)?
-12
Let v(g) = g**3 + 117*g**2 + 3313*g + 370841. Determine v(-116).
-11
Let s(v) = 3641*v - 152926. Determine s(42).
-4
Let g(l) = -3*l**3 + 7*l**2 - 32*l - 206. What is g(-8)?
2034
Let q(b) = b**3 + 48*b**2 - 3355*b + 26164. Calculate q(-89).
-2
Let g(s) = -923*s + 36010. Give g(39).
13
Let j(c) = -c**3 + 17*c**2 + 1110*c + 622. Determine j(43).
278
Let a(f) = 1653*f**2 + 5213*f + 28. What is a(-3)?
-734
Let j(g) = -113*g**2 - 9434*g + 34539. Determine j(-87).
0
Let q(r) = -r**3 - 705*r**2 + 5096*r + 79692. Give q(-712).
-52
Let r(f) = 3*f**3 - 102*f**2 + 96*f + 103. Give r(33).
4
Let f(y) = 4*y**3 - 6*y**2 - 4*y. Calculate f(-4).
-336
Let n(q) = 2018*q - 129332. Calculate n(64).
-180
Let p(r) = -749*r**2 - 57645*r + 2165. Calculate p(-77).
9
Let d(q) = -q**3 + 4*q**2 + 73*q + 129. What is d(12)?
-147
Let r(y) = 2004*y**2 + 8069*y - 5. Calculate r(-4).
-217
Let g(z) = -224815*z + 8318193. Give g(37).
38
Let q(p) = 3*p**2 + 1023*p + 39196. Give q(-297).
-8
Let x(j) = -18474*j - 23182. Determine x(-1).
-4708
Let b(q) = q**3 - 3*q**2 - 12494*q + 124237. Give b(10).
-3
Let m(a) = -84*a + 1892. Calculate m(23).
-40
Let p(h) = 417*h - 984. Determine p(13).
4437
Let r(a) = -a**2 - 61*a + 531. Determine r(-74).
-431
Let n(y) = -744*y - 1439. Determine n(-2).
49
Let f(w) = -2442*w - 58629. Calculate f(-24).
-21
Let u(s) = -3137191*s - 12548761. Calculate u(-4).
3
Let n(z) = -17589*z**2 - 158299*z - 32. Determine n(-9).
-50
Let u(b) = -196325*b + 3730170. Give u(19).
-5
Let m(c) = 2*c**3 - 521*c**2 - 1233*c - 21539. Determine m(263).
27
Let u(q) = 2*q**3 + 64*q**2 + 14*q + 443. Calculate u(-32).
-5
Let z(s) = -s**3 - s**2 + 3386*s + 13484. What is z(-4)?
-12
Let l(i) = -160458*i + 3209153. Give l(20).
-7
Let k(d) = -4*d**2 - 1194*d - 89022. Calculate k(-145).
8
Let s(l) = -l**2 - 828*l - 117921. Calculate s(-183).
114
Let s(f) = f**3 + 82*f**2 - 4752*f - 392951. Determine s(-80).
9
Let v(t) = t**3 - 16*t**2 - 18*t - 275. Give v(17).
-292
Let h(t) = -62644*t + 1315514. Determine h(21).
-10
Let w(y) = 45*y**2 - 7964*y - 211. Give w(177).
-34
Let l(v) = -4838393*v - 29030352. Give l(-6).
6
Let r(m) = -m**3 + 60*m**2 + 8093*m - 48. Give r(-65).
2032
Let i(n) = 2*n**2 + 10050*n - 1150694. What is i(112)?
-6
Let m(y) = -2*y**2 - 4777*y - 247565. Give m(-53).
-2
Let p(z) = 3795102*z - 7590206. Calculate p(2).
-2
Let l(h) = h**3 + 52*h**2 + 658*h - 23. What is l(-22)?
21
Let l(o) = -16*o**2 + 4305*o - 12908. Give l(3).
-137
Let c(k) = 72*k + 14679. Calculate c(-205).
-81
Let l(j) = 11*j**3 - 288*j**2 + 240*j - 4902. What is l(26)?
-14
Let c(b) = -2*b**3 - 566*b**2 + 5822*b + 354. Give c(10).
-26
Let n(p) = -34*p**2 - 3370*p - 3367. Determine n(-1).
-31
Let l(j) = -2902*j + 185739. Give l(64).
11
Let c(k) = k**2 - 2*k - 882. Determine c(-26).
-154
Let f(c) = c**2 + 662*c + 92518. Calculate f(-461).
-143
Let w(q) = 271*q + 2353. What is w(-9)?
-86
Let k(m) = 6*m**2 + 8234*m - 57925. What is k(7)?
7
Let t(z) = 2950*z + 5890. Give t(-2).
-10
Let z(q) = -q**3 - 464*q**2 - 2834*q - 668900. Determine z(-461).
11
Let i(y) = -y**3 + 155*y**2 - 183*y + 4451. Calculate i(154).
-15
Let g(p) = -3333*p + 24000. Determine g(8).
-2664
Let j(g) = -7656*g**2 - 15308*g + 8. Give j(-2).
0
Let u(t) = -243302*t - 4136130. What is u(-17)?
4
Let c(t) = 10*t**3 - 4*t**2 + 35*t + 78. Calculate c(-2).
-88
Let a(l) = 5252*l**2 + 120790*l - 106. What is a(-23)?
32
Let r(u) = -1131*u + 4864. Determine r(4).
340
Let y(w) = 2*w**3 - 8*w**2 - 185*w + 419. Give y(-9).
-22
Let z(i) = 3778*i**2 - 22663*i - 39. Determine z(6).
-9
Let x(h) = -3*h**3 - 387*h**2 + 382*h - 1026. Determine x(-130).
14
Let t(l) = 6*l**2 - 487*l + 9855. Determine t(43).
8
Let z(c) = 263*c - 788. Give z(3).
1
Let c(k) = -173*k**2 + 2674*k + 43. Give c(15).
1228
Let i(v) = -v**2 - 5122*v + 77243. Give i(15).
188
Let o(c) = -19*c**2 + 18898*c + 18899. Determine o(-1).
-18
Let c(w) = 73*w**3 - 11389*w**2 + 186*w - 4704. What is c(156)?
-24
Let m(j) = -8*j**2 - 481*j + 72868. Determine m(70).
-2
Let r(j) = -12*j**2 + 2240*j + 4530. Calculate r(-2).
2
Let j(q) = q**3 + 420*q**2 - 13010*q + 4866. What is j(-449)?
-73
Let p(o) = -19126*o - 286895. Determine p(-15).
-5
Let q(g) = g**3 + 1287*g**2 + 46241*g + 48. Calculate q(-37).
381
Let i(m) = 3*m**2 + 103*m - 1108. What is i(9)?
62
Let p(w) = 14312*w - 71602. Calculate p(5).
-42
Let m(k) = 3*k**2 - 1691*k + 69986. Give m(45).
-34
Let m(w) = w**3 + 33*w**2 - 868*w - 22134. What is m(-41)?
6
Let f(h) = h**2 + 457*h + 4730. Give f(-10).
260
Let v(d) = d**3 - 135*d**2 + 177*d - 5928. Give v(134).
-166
Let h(c) = -5811*c + 1917